{"id":134,"date":"2025-06-06T02:14:48","date_gmt":"2025-06-06T02:14:48","guid":{"rendered":"https:\/\/sabor-a-mi.digital-bussines.com\/?page_id=134"},"modified":"2025-06-06T02:14:48","modified_gmt":"2025-06-06T02:14:48","slug":"sobre-nosotros","status":"publish","type":"page","link":"https:\/\/sabor-a-mi.digital-bussines.com\/index.php\/sobre-nosotros\/","title":{"rendered":"Sobre Nosotros"},"content":{"rendered":"\n<div class=\"wp-block-media-text is-stacked-on-mobile\"><figure class=\"wp-block-media-text__media\"><img loading=\"lazy\" decoding=\"async\" width=\"280\" height=\"282\" src=\"https:\/\/sabor-a-mi.digital-bussines.com\/wp-content\/uploads\/2025\/06\/logo.png\" alt=\"\" class=\"wp-image-65 size-full\" srcset=\"https:\/\/sabor-a-mi.digital-bussines.com\/wp-content\/uploads\/2025\/06\/logo.png 280w, https:\/\/sabor-a-mi.digital-bussines.com\/wp-content\/uploads\/2025\/06\/logo-100x100.png 100w, https:\/\/sabor-a-mi.digital-bussines.com\/wp-content\/uploads\/2025\/06\/logo-150x150.png 150w\" sizes=\"auto, (max-width: 280px) 100vw, 280px\" \/><\/figure><div class=\"wp-block-media-text__content\">\n<p>En <em>Sabor a M\u00ed<\/em>, creemos que la mejor forma de conocer M\u00e9xico es a trav\u00e9s de su cocina. Por eso dise\u00f1amos <strong>paquetes de comida tradicional<\/strong> y <strong>experiencias culinarias en pareja<\/strong> que conectan a viajeros con los sabores aut\u00e9nticos de cada regi\u00f3n. Desde un <strong>tour de tacos en CDMX<\/strong> hasta una <strong>cena rom\u00e1ntica con experiencia premium en Valle de Bravo<\/strong>. <\/p>\n<\/div><\/div>\n\n\n\n<p><\/p>\n","protected":false},"excerpt":{"rendered":"<p>En Sabor a M\u00ed, creemos que la mejor forma de conocer M\u00e9xico es a trav\u00e9s de su cocina. Por eso dise\u00f1amos paquetes de comida tradicional y experiencias culinarias en pareja [&hellip;]<\/p>\n","protected":false},"author":1,"featured_media":0,"parent":0,"menu_order":0,"comment_status":"closed","ping_status":"closed","template":"","meta":{"footnotes":""},"class_list":["post-134","page","type-page","status-publish","hentry"],"_links":{"self":[{"href":"https:\/\/sabor-a-mi.digital-bussines.com\/index.php\/wp-json\/wp\/v2\/pages\/134","targetHints":{"allow":["GET"]}}],"collection":[{"href":"https:\/\/sabor-a-mi.digital-bussines.com\/index.php\/wp-json\/wp\/v2\/pages"}],"about":[{"href":"https:\/\/sabor-a-mi.digital-bussines.com\/index.php\/wp-json\/wp\/v2\/types\/page"}],"author":[{"embeddable":true,"href":"https:\/\/sabor-a-mi.digital-bussines.com\/index.php\/wp-json\/wp\/v2\/users\/1"}],"replies":[{"embeddable":true,"href":"https:\/\/sabor-a-mi.digital-bussines.com\/index.php\/wp-json\/wp\/v2\/comments?post=134"}],"version-history":[{"count":1,"href":"https:\/\/sabor-a-mi.digital-bussines.com\/index.php\/wp-json\/wp\/v2\/pages\/134\/revisions"}],"predecessor-version":[{"id":135,"href":"https:\/\/sabor-a-mi.digital-bussines.com\/index.php\/wp-json\/wp\/v2\/pages\/134\/revisions\/135"}],"wp:attachment":[{"href":"https:\/\/sabor-a-mi.digital-bussines.com\/index.php\/wp-json\/wp\/v2\/media?parent=134"}],"curies":[{"name":"wp","href":"https:\/\/api.w.org\/{rel}","templated":true}]}}