{"id":100,"date":"2025-06-06T00:09:54","date_gmt":"2025-06-06T00:09:54","guid":{"rendered":"https:\/\/sabor-a-mi.digital-bussines.com\/?page_id=100"},"modified":"2025-06-06T00:10:07","modified_gmt":"2025-06-06T00:10:07","slug":"propiedad-intelectual","status":"publish","type":"page","link":"https:\/\/sabor-a-mi.digital-bussines.com\/index.php\/propiedad-intelectual\/","title":{"rendered":"Propiedad intelectual"},"content":{"rendered":"\n<p class=\"has-text-align-center\">Sabor a mi quiere informarle que todo el contenido presente en este sitio web<br>(textos, im\u00e1genes, logotipos, gr\u00e1ficos, audios, videos, dise\u00f1os, c\u00f3digo fuente,<br>bases de datos y dem\u00e1s elementos) es propiedad exclusiva de Sabor a M\u00ed, o<br>cuenta con los derechos y autorizaciones necesarias para su uso.<\/p>\n\n\n\n<p class=\"has-text-align-center\">Por ello, queda estrictamente prohibida la reproducci\u00f3n total o parcial, distribuci\u00f3n,<br>transformaci\u00f3n o cualquier otro uso no autorizado de los contenidos de este sitio,<br>sin la previa autorizaci\u00f3n expresa y por escrito de Sabor a Mi.<\/p>\n\n\n\n<p class=\"has-text-align-center\">Adem\u00e1s, las marcas, nombres comerciales y logotipos que aparecen en este sitio<br>son titularidad de Sabor a M\u00ed, o de terceros que han autorizado su uso. Queda<br>prohibido su uso sin la autorizaci\u00f3n correspondiente.<\/p>\n","protected":false},"excerpt":{"rendered":"<p>Sabor a mi quiere informarle que todo el contenido presente en este sitio web(textos, im\u00e1genes, logotipos, gr\u00e1ficos, audios, videos, dise\u00f1os, c\u00f3digo fuente,bases de datos y dem\u00e1s elementos) es propiedad exclusiva [&hellip;]<\/p>\n","protected":false},"author":1,"featured_media":0,"parent":0,"menu_order":0,"comment_status":"closed","ping_status":"closed","template":"","meta":{"footnotes":""},"class_list":["post-100","page","type-page","status-publish","hentry"],"_links":{"self":[{"href":"https:\/\/sabor-a-mi.digital-bussines.com\/index.php\/wp-json\/wp\/v2\/pages\/100","targetHints":{"allow":["GET"]}}],"collection":[{"href":"https:\/\/sabor-a-mi.digital-bussines.com\/index.php\/wp-json\/wp\/v2\/pages"}],"about":[{"href":"https:\/\/sabor-a-mi.digital-bussines.com\/index.php\/wp-json\/wp\/v2\/types\/page"}],"author":[{"embeddable":true,"href":"https:\/\/sabor-a-mi.digital-bussines.com\/index.php\/wp-json\/wp\/v2\/users\/1"}],"replies":[{"embeddable":true,"href":"https:\/\/sabor-a-mi.digital-bussines.com\/index.php\/wp-json\/wp\/v2\/comments?post=100"}],"version-history":[{"count":2,"href":"https:\/\/sabor-a-mi.digital-bussines.com\/index.php\/wp-json\/wp\/v2\/pages\/100\/revisions"}],"predecessor-version":[{"id":102,"href":"https:\/\/sabor-a-mi.digital-bussines.com\/index.php\/wp-json\/wp\/v2\/pages\/100\/revisions\/102"}],"wp:attachment":[{"href":"https:\/\/sabor-a-mi.digital-bussines.com\/index.php\/wp-json\/wp\/v2\/media?parent=100"}],"curies":[{"name":"wp","href":"https:\/\/api.w.org\/{rel}","templated":true}]}}